51 - 47 - (0 + 0).
4
What is 2 + -1 + (-5 - 1) + 3?
-2
What is the value of 13 + -15 - (0 + 6)?
-8
Calculate -9 - ((-12 - -13) + -4).
-6
What is the value of (-3 - 9 - -8) + 8?
4
Evaluate (12 - 2) + -8 - (4 + -1).
-1
-1 + 5 - (-3 + -3 - -5)
5
What is (0 - (-14 + 8)) + 0 + 0?
6
-3 + (2 - -4 - (-4 - -2))
5
Calculate 8 - (12 - (-7 + 15)).
4
Calculate 4 + -6 + (-1 - (-1 + 1)).
-3
Evaluate 20 + -20 - (-1 + 0).
1
21 - (1 - -7) - 4
9
Calculate (-3 - -5) + (2 - 0).
4
What is 4 + 1 + -101 + 85?
-11
What is 5 + -2 + 2 + (6 - 6)?
5
-3 + (3 - (3 + 0)) + 2
-1
Evaluate -2 + -1 + -1 - (36 - 36).
-4
What is (3 + 2 - 0) + -6?
-1
Evaluate 2 + -2 + 6 - 4.
2
Calculate 1 + 0 + 5 + -2 + 0.
4
What is -15 - (-8 - 9) - (-1 + 0)?
3
Calculate 13 + -15 + -1 + 0 + -2.
-5
What is the value of 0 + 2 + 0 + -5?
-3
What is (-24 - -35) + 3 + -17?
-3
Evaluate -12 - (-3 + (1 - 7)).
-3
Evaluate -2 - -13 - 7 - 0.
4
What is -1 - -3 - (-12 + 17)?
-3
Evaluate -2 - (1 + -2) - (-11 - -7).
3
Calculate 4 - (2 + -3 + 4).
1
Evaluate (32 - 41) + (8 - 1) - -2.
0
What is 4 + -16 + 0 + -17 + 22?
-7
Calculate 15 + (2 - 3 - 8).
6
Evaluate (0 - (3 - 9 - -4)) + -3.
-1
(-25 - -14 - -10) + 2 + -6
-5
9 - 1 - (63 + -60)
5
Calculate -2 + 1 + (0 - (8 + -11)).
2
3 + -1 + -2 - (27 + -22)
-5
What is -17 - (0 + -11) - 3?
-9
Calculate -6 - (-1 - (1 - -3) - -1).
-2
What is (2 - (-5 - (5 + -12))) + 0?
0
What is the value of (2 - (11 - 4)) + -2?
-7
-5 + (1 - -3 - -1)
0
Evaluate -4 + -3 - (-3 + 0).
-4
14 + -6 + -1 - (2 + 3)
2
What is 5 - ((7 - 4) + -2)?
4
-6 + 3 + -1 + 5
1
What is (0 + 2 - (-34 - -32)) + -10?
-6
4 + (-4 - 2 - -2) + 2
2
What is -7 + (4 - -4) - -3?
4
Calculate -7 + 3 - 1 - (1 + -10).
4
8 + 0 - (15 + (-4 - -3))
-6
Evaluate -8 + 10 + -7 + -2.
-7
7 + 0 - 8 - 0
-1
What is the value of 4 + 0 - (-1 + 5) - 4?
-4
What is (-2 - -9) + -3 + -1 + -2?
1
What is 5 + (7 + 2 - (-2 + 7))?
9
What is 38 + -36 - (-1 + -1) - 12?
-8
Evaluate 17 + -3 + (-8 - 0) + 2.
8
Calculate 4 - ((1 - 0) + 2).
1
What is 7 + 1 - (35 + -26)?
-1
What is 5 + -6 + (-1 - -2)?
0
Evaluate -29 + 30 - ((1 - 3) + -3).
6
What is (0 - 3 - -5) + 0?
2
What is 49 + -52 + 15 + -2?
10
-3 + (0 - -2) + 0 - 1
-2
3 + (6 + -3 - 10)
-4
What is the value of -2 - -3 - (25 + -23)?
-1
Calculate 1 + 1 + 1 + 11 + -10.
4
What is (1 - -1) + 6 - 1?
7
Calculate 1 - (-6 + 10) - -8.
5
What is the value of (38 - 45) + 5 + -1 - -14?
11
What is (6 - 9 - -8) + (-15 - -6)?
-4
Evaluate -1 + -2 - -2 - (6 + -8).
1
Evaluate 9 - (-10 - -4) - (7 - 1).
9
Calculate 76 + -65 + 1 + -5 + 0.
7
1 - (-5 - (-2 + -1 + 2))
5
What is the value of 4 - (-3 - -4 - 8) - 4?
7
Evaluate 2 + -5 + (17 - 8) + -1.
5
What is the value of (2 - -13) + -8 + -1?
6
What is -6 - ((-2 - (-7 + 26)) + 6)?
9
What is the value of -4 - -5 - (0 + -5 + 2)?
4
Calculate 1 - 2 - (-12 + 9).
2
What is the value of (0 - 1) + 0 - 4?
-5
What is -1 + 7 + (-29 - -26) - 3?
0
Evaluate -4 + ((-2 - 5) + 5 - -9).
3
Calculate 13 - (12 - (-16 + 6)).
-9
What is the value of (10 + -8 - -1) + (-4 - 0)?
-1
Calculate (0 - (-3 - 2)) + -3 + -1.
1
What is -2 - 6 - (0 - (1 - 1))?
-8
7 + -8 + -3 - 2
-6
Calculate -2 - (2 + (1 + 0 - 2)).
-3
What is the value of 3 + (-4 + 3 + -2 - 3)?
-3
What is the value of 7 - 1 - (-24 + 30)?
0
Evaluate 3 + (2 - 2) - 2.
1
Calculate 0 + -7 + -3 - -4.
-6
Evaluate -2 + -4 + 2 - -2.
-2
What is the value of -3 - (-3 - ((3 - -2) + -1))?
4
Calculate 1 + (-2 + 3 - 2 - -3).
3
What is the value of 0 + 6 + (25 - 30)?
1
What is the value of 108 - 115 - (0 + -1 + -1)?
-5
What is the value of -71 + 68 + -1 + 3?
-1
What is -2 + 2 + -4 - (-6 - 1)?
3
What is (1 - 2 - -6) + (-1 - -1)?
5
What is the value of 0 + 3 - 8 - -6?
1
What is -6 + (6 + -7 - -2)?
-5
Evaluate -6 - (-10 - (-18 + 5)).
-9
What is -6 - (11 + 9 + -27)?
1
What is the value of 1 - -6 - (-10 - (-36 + 15))?
-4
What is the value of (6 - (5 - 2)) + (-5 - 0)?
-2
Calculate 4 + (-8 + 12 - 12).
-4
What is the value of 0 + 0 + (-5 - -6)?
1
Evaluate -6 + 0 + 29 + -6 - 7.
10
What is 0 + (-4 - -7) + -2 - -4?
5
What is -5 - -7 - 8 - -10?
4
Evaluate -17 - 1 - (172 + -179).
-11
Calculate 19 + -9 + -10 - -2.
2
-3 + 0 + 7 + -2
2
Calculate 7 - (-9 + 14) - (1 + 4).
-3
Evaluate (26 + -12 - 13) + 0 + 3.
4
Evaluate 3 + 5 + 3 + -7.
4
What is -5 - (-12 + 13 - (8 + -2))?
0
(5 - 3) + -2 + 4
4
-3 + 2 + -5 + 1 + 4
-1
4 + (-3 - 0 - -2)
3
What is the value of 0 + (-7 - -4) + 3?
0
What is the value of 3 + -4 + -4 + 9 + 2?
6
Calculate (-48 - -52) + (2 - -4).
10
What is 2 + (1 - 4) + -2?
-3
Evaluate -7 - 0 - (10 + -14).
-3
What is (3 - (0 - 1)) + (-5 - 4)?
-5
Calculate -3 + -5 - (12 + -26).
6
-6 + -1 + 79 + -68
4
1 + 2 + (-3 - -2 - 4)
-2
Evaluate 8 + -9 + -1 + 0 - -8.
6
Evaluate 3 + (-5 - (-8 + 5 - 6)).
7
What is -3 - (-5 + (2 - (7 + -4)))?
3
(4 + 0 - 0) + 4 - 4
4
What is -3 + -2 - (12 + -16 - -4)?
-5
Evaluate (-3 + (-3 - -6) - -4) + 1.
5
Evaluate 2 + (1 - 0) + -33 + 28.
-2
Evaluate 5 - (14 - 7 - 4) - 6.
-4
What is -1 + (6 + -12 - -5)?
-2
(1 - (4 - 3)) + -2 + 2
0
1 + -6 - 2 - -4
-3
Calculate -4 - ((-7 - 0) + 8).
-5
Calculate 3 - (-1 + 1) - 1 - 5.
-3
What is (-6 - -6) + 1 + 6?
7
0 + 8 + -14 + 8
2
What is 0 + -5 + 11 + -5?
1
Calculate 3 - (2 + 5) - (1 + 1).
-6
Calculate (2 - (8 - (-1 + 6))) + 4.
3
(8 - 1) + (52 - 64)
-5
Evaluate -1 + 6 + (38 - 44).
-1
Evaluate 6 + (-2 - (5 + -5)) - 4.
0
What is 5 - (0 + 1) - (-2 - -7)?
-1
What is the value of -1 + -2 - (0 - 5 - -1)?
1
12 - (-6 + (-11 - -25))
4
Calculate 12 - ((8 - 3) + -6) - 7.
6
What is (-9 - -5) + -10 - -9?
-5
Calculate (0 - 5) + 4 - (-1 + 3).
-3
What is (14 - 12) + (4 - 8)?
-2
Calculate -3 - (7 + (-11 - 6)).
7
What is 1 + 12 + -7 + 4?
10
Evaluate -1 - (-2 - (0 + -4 - 2)).
-5
5 + (-6 - -6 - 1) + -13
-9
What is the value of 9 + -7 + (6 - 14)?
-6
Evaluate 2 + 1 + (3 - 5).
1
Calculate -2 + (-1 - (1 - 0)) + 1.
-3
Calculate 1 + (3 - 8) + 2.
-2
22 + 12 - 11 - 15
8
Calculate 23 + -16 + -1 + 0 + -2.
4
What is the value of (-8 - (0 + -7)) + -1?
-2
What is the value of -3 - ((11 - 6) + -2)?
-6
Calculate 1 + 1 - (-4 - -7 - 5).
4
What is the value of -2 - (6 - -1 - 12) - 12?
-9
What is the value of 8 - ((9 - -4) + -5)?
0
What is -2 + (0 - 0) - (1 + -4)?
1
3 + 3 + (7 + -7 - 11)
-5
Calculate (2 - -1) + -4 + 5.
4
2 - -2 - -1 - (49 - 43)
-1
Evaluate 1 + 3 + -2 - (1 - 4).
5
What is the value of (6 - (7 + 2)) + 1 + 3?
1
What is (-92 - -79) + 11 + 1?
-1
-7 + 1 + -7 + 11 + 2
0
What is 3 + 4 + 0 + -10?
-3
What is the value of 0 - (-3 + -3 + 1 - -3)?
2
Evaluate -3 - (9 - (-1 + 8)).
-5
Evaluate 1 - 10 - (3 - 19).
7
What is the value of 2 - (16 + -11 + -2)?
-1
(-20 - -26) + 1 + -5
2
2 + 3 - 0 - 0
5
What is 1 + 0 - (-6 - -4)?
3
0 + 0 + 2 + -2 + -2
-2
Evaluate 1 + (1 + 4 - 0) - 2.
4
What is -6 + (3 + 3 - (3 - 1))?
-2
What is 4 + (7 + -5 + -4 - -1)?
3
(-12 - 3 - -5) + 9
-1
Calculate -1 - 11 - (-49 + 41).
-4
What is the value of -6 + 4 - 2 - -4 - 2?
-2
-2 + 3 - -3 - (3 - -8)
-7
What is the value of -4 + 1 + 1 + (0 - 1)?
-3
-2 + 2 + -1 + 1 + -3
-3
-17 + -3 + (55 - 44)
-9
What is 8 + -14 + 4 + 6 - -3?
7
What is 2 - (6 - (2 - (2 - 2)))?
-2
What is the value of 1 - 0 - (7 + -4 + -2)?
0
What is the value of (5 - 9) + -2 + -2?
-8
5 + (3 - (4 + (-2 - -5)))
1
What is 5 - (-31 + 29 - (1 - 1))?
7
1 - (5 + -1 + -6 + 6)
-3
What is the value of -15 + 10 - (-2 - 7)?
4
What is the value of 0 - 3 - (-3 + 1)?
-1
Calculate (1 - -6) + -11 - (0 - 2).
-2
Evaluate (-164 - -176) + (-6 - -1).
7
Calculate -19 + -9 + 11 + 9.
-8
Evaluate (-10 - (-16 - -7)) + 2 + 1.
2
What is the value of (0 - (-2 - -3)) + (19 - 21)?
-3
-3 + (4 - (-3 - (-1 - 3)))
0
Calculate 0 + 1 - (-9 - -9).
1
Evaluate 3 - 2 - (2 + -4 + 2).
1
(1 + -1 - 2) + -1
-3
Calculate 6 + 1 - (1 + 4).
2
Evaluate (-4 - (-5 - -4) - 0) + 8.
5
What is -2 + (5 - (-3 - -5))?
1
-4 + 2 + (-1 - -3)
0
Evaluate (4 - 0) + -5 + 5.
4
-8 + (1 - (1 - 4))
-4
Calculate (6 - 3) + -5 - -8.
6
0 - 7 - -2 - -3
-2
Evaluate 0 + (-1 - 5) + -1 + 4.
-3
Calculate -13 + 2 + 5 + -2.
-8
Calculate 2 + -2 - (-2 + 8 + -7).
1
Evaluate (-1 - 2) + 7 + -5.
-1
What is the value of (-1 + 7 - (25 - 23)) + -6?
-2
3 + (-1 - -6) + -10
-2
Evaluate -4 - (9 + -6 - 13).
6
Calculate -1 - -5 - (0 + 3 - -2).
-1
9 - 0 - (-9 - -13)
5
What is the value of (2 - 4 - -5) + -13 + 4?
-6
Evaluate (-2 - -8) + 0 - (59 + -48).
-5
-7 + (3 - 5 - (8 - 14))
-3
1 + 0 - (27 - 32)
6
Calculate (5 - 8 - 2) + 2.
